 first derivative of 0*c**2 - 2*c - 2/3*c**3 - 11 - 1/4*c**4. Let m = 4 - 7. Determine b(m).
7
Let m(q) be the second derivative of -2*q**3/3 - q**2/2 - 8*q. Let c = 13 + -9. Suppose -5*d + 8 = -c*n, -d + 4 = -2*n - 4*d. Determine m(n).
7
Let a be (4/(-6))/(4/6). Let v(u) = 183*u - 381*u + 183*u + 1. Calculate v(a).
16
Let w(a) = 0*a + 0 - 2*a + a + 1. Let f = -14 - -18. Give w(f).
-3
Suppose -145*f = -117*f + 308. Let d(g) = g**3 + 12*g**2 + 12*g + 1. Calculate d(f).
-10
Let a be 7/(-28)*43 + (-1)/4. Let v(j) = 3*j + 1. Let x(g) = 15*g + 5. Let n(h) = a*v(h) + 2*x(h). What is n(3)?
-10
Let v(w) = w**3 + 7*w**2 - w - 2. Let s be (-976)/144 + 2/(-18)*2. Suppose p = 6*p. Let b = p + s. Determine v(b).
5
Let d(f) = f**2 + 8*f + 12. Let r = -482 - -478. Give d(r).
-4
Let v(m) = -2*m - 8. Let j be (-5)/(0 - (35/9)/7). Give v(j).
-26
Let g(h) = -33*h + 3*h**2 - 108*h**3 + 109*h**3 + 29*h + 3. Let y(w) = -w**2 + w - 2. Let b be y(2). Calculate g(b).
3
Let q be -20 - -17 - 6/(-1). Let t(d) be the second derivative of d**q + 0 + 1/12*d**4 + d**2 - 5*d. Give t(-6).
2
Let y(c) be the first derivative of c**3/3 - 3*c**2 - 6*c + 196. Give y(6).
-6
Let o(b) be the second derivative of b**4/12 - b**3/3 - 2*b**2 - 24*b. What is o(-4)?
20
Let l be 15/35 - (-88)/7. Let d(z) = -10 - l*z - z**2 - 7*z + 23*z - 10*z. Determine d(-7).
-10
Let o(l) = l**2 - 2. Let i(b) = b - 4*b**3 + 8*b**3 - 2 - 4*b**2 - 3*b**3. Let x be i(4). Determine o(x).
2
Suppose 0 = -a - 3*v + 2*v - 3, 0 = -3*v - 3. Let x be 6/((-3)/(a - -5)). Let k(m) = 3 + m**2 + 147*m - 142*m - 2. Calculate k(x).
7
Let v(f) = -2*f**2 - 11*f + 6. Let w be v(-6). Suppose 0 = -n + 3*m - 13, -4*n + w*m + 33 = 5*m. Let o(k) = 4*k. Calculate o(n).
8
Let f(r) be the second derivative of -7*r**3/6 - 146*r. Let b be -2*-1*(-2)/(-4). Determine f(b).
-7
Suppose -3*z = -0*z + 18. Let b(n) be the second derivative of -5/6*n**3 - 2*n + 0 + 1/20*n**5 + 5/12*n**4 - 1/2*n**2. Calculate b(z).
-7
Let r be 2*5*(-10 - -21)/(-22). Suppose -3*c + c + 3*y + 12 = 0, 3*c - 19 = 5*y. Let o(t) = t**2 + 2*t - c*t + 8*t + 2 + 1. Determine o(r).
-7
Suppose -9 = -15*w + 6. Let p(h) = -3*h - 2*h + 2*h + w - 5*h. Give p(-3).
25
Let c(y) = y**2 + 9*y - 36. Let d be c(-12). Let x(j) be the third derivative of d*j - 5*j**2 + 0*j**5 + 1/24*j**4 + 0 - 1/120*j**6 + 0*j**3. Determine x(2).
-6
Let o(g) be the first derivative of -g**3/3 - 3*g**2/2 + 3*g - 10. Let s be o(-4). Let x be (4 + 0 - 3)/s. Let j(z) = 16*z. Calculate j(x).
-16
Let y(t) be the first derivative of -t**2 + 9*t + 10. Let f = 5 + 1. Determine y(f).
-3
Let d(a) = -a**2 - 12. Let c(h) = -h - 1. Let w(s) = 5*c(s) - d(s). Suppose 0 = 5*f + 4*i - 18 - 19, 5*f + 5*i = 40. What is w(f)?
7
Let y(b) = b + 6. Let a(x) = -2. Let g(s) = 6*a(s) + 2*y(s). Suppose -3*h + 8*h = -3*z + 2, 22 = -5*h + 3*z. Calculate g(h).
-4
Let r(s) = -9*s + 30. Let y(i) = 200*i - 660. Let v(f) = -45*r(f) - 2*y(f). What is v(6)?
0
Suppose 2*b + 5*v = -2*b + 73, 3*b - 3*v - 75 = 0. Let l = b + -13. Let c(y) = -y**3 + 8*y**2 + 9*y + 4. Calculate c(l).
4
Let t(m) = 20*m - 28. Let s(u) = -9*u + 14. Let a(r) = 5*s(r) + 2*t(r). Determine a(3).
-1
Let f(a) = 5*a - 2. Let l(k) = k**2 + 8*k + 20. Let r be l(-6). Give f(r).
38
Let d(y) = y**2 - y - 4. Let h(s) = s + 7. Suppose 4*n - 5*r + 33 = 0, 5*n = -0*n - 3*r - 32. Let a be h(n). Determine d(a).
-4
Let b(w) be the second derivative of w**6/360 - w**4/8 + 11*w**3/6 - 16*w. Let r(p) be the second derivative of b(p). Determine r(3).
6
Suppose -7*j + 0*j = -42. Let x(d) = 5*d - 3. Let n(q) = 9*q - 6. Let k(l) = j*n(l) - 11*x(l). Determine k(4).
-7
Let o be (5/2)/((-3)/(-6)). Suppose -4*m = x + o - 14, 4*m + 5*x = 13. Suppose 5*w = u + 13, m = 3*w - 2*w. Let c(v) = -v**3 - 4*v**2 + 3. Give c(u).
-6
Let o be (-220)/22*(-3)/(-2). Let h(k) = k + 11. Calculate h(o).
-4
Suppose -125 = 13*c + 83. Let s(t) = -3*t - 37. Determine s(c).
11
Let w = -10 + 2. Let f(b) = 7*b - 12. Let p(t) = -4*t + 11. Let o(s) = -2*f(s) - 3*p(s). Calculate o(w).
7
Let x(a) = -3*a - 8. Let g = 462 + -458. Calculate x(g).
-20
Let s = -13 + 17. Let o(p) = 4*p - 1 + 3*p + s*p - 10*p. Let k = 6 + -1. Determine o(k).
4
Let x(k) = -101*k**3 + 4*k**2 + 115*k**3 - 7*k - 3 - 13*k**3. Let t(q) = q + 1. Suppose 5*i - 4*a + 59 = 13, -3*i - 4*a = 2. Let o be t(i). Give x(o).
7
Let p(g) = -2*g + 2. Let h be p(1). Suppose -a + 4*a - 54 = h. Suppose 2*y + 3*y = 5*i, -4*y - 5*i = a. Let l(s) = 2*s**3 + 4*s**2 + 4*s + 3. Determine l(y).
-5
Let s(o) = -o - 6. Suppose 0 = -3*u - 18 - 3. What is s(u)?
1
Let a(r) = -6*r + 3. Let w = -54 + 35. Let g be w/(-7) + (-2)/(-7). Determine a(g).
-15
Let m(h) be the first derivative of h**4/4 - 8*h**3/3 + 5*h**2 - 11*h - 51. Determine m(7).
10
Let a(g) be the third derivative of -g**8/6720 - g**6/360 - g**5/60 + 5*g**4/24 + 17*g**2 - 3*g. Let k(i) be the second derivative of a(i). Calculate k(-2).
10
Let s be 4 + (-10)/5 + (7 - 3). Let u(a) be the third derivative of -a**4/24 + a**2. Determine u(s).
-6
Suppose 2*x = -6, 8*b - x - 24 = 5*b. Let m(k) = k**3 - 8*k**2 + 11*k - 4. What is m(b)?
24
Let s = -2 - -5. Let w(y) = -182 + 3*y + 2*y**2 + 12*y + 85 + 91. Let x(l) = -l**2 - 5*l + 2. Let d(u) = -3*w(u) - 8*x(u). What is d(s)?
5
Let v(g) be the third derivative of g**5/12 + g**4/24 - g**3/6 + g**2. Suppose i + 8 = 2*q, 5*q = 2*i + 27 - 10. What is v(q)?
5
Let x = -484 - -485. Let z(s) = -5*s**2 + 1. Determine z(x).
-4
Let n be -1*3 - (-10 - -6). Suppose g - 4*k = 14, n + 5 = -3*k. Let h be ((-6)/4)/(g/(-4)). Let u(p) = -4*p**3 - p**2 + p - 1. Determine u(h).
-5
Let s(y) = -3*y**2 + 3*y. Let g be -5 - (0 - (3 - 5)/(-2)). Let l be (g/7)/((-48)/168). Calculate s(l).
-6
Let g(x) = -x**3 - 6*x**2 + x - 1. Suppose 4*h + 2*j - 5*j = -14, 5*j - 2 = -4*h. Let d be (-6)/h + (-8 - 1). What is g(d)?
-7
Let r be -2 - ((-2 - -5) + -1 + -6). Let m(b) = -7 + 5*b - b**2 - b + 4 - 2*b. Calculate m(r).
-3
Suppose 2*n + 1 = 3*n. Let l be (2 - n)/((-5)/(-10)). Suppose 5*w = -2*t, -2*w = -l*t - 3*t - 29. Let o(k) = -2*k**2 + 2*k - 2. Give o(w).
-6
Let q(f) = -5*f**3 - f**2 - f - 6. Let c(j) = 14*j**3 + 3*j**2 + 3*j + 18. Let l(h) = 4*c(h) + 11*q(h). Let s be l(0). Let w(x) = -x + 2. What is w(s)?
-4
Let w(m) be the first derivative of -2*m + 1/2*m**2 + 1. Calculate w(4).
2
Let d(f) = -f**2 - 11*f + 1. Let s be d(-11). Let k(r) = 4*r**3 - 9*r**2 - 5*r - 9. Let u(i) = -i**3 + i**2 - i + 1. Let j(n) = s*k(n) + 3*u(n). Give j(7).
-13
Let a(m) be the first derivative of -m**2/2 + m + 1. Let c(n) = n**3 + 27*n**2 + n + 26. Let q be c(-27). What is a(q)?
2
Let w(a) be the second derivative of -1/2*a**3 - 5/2*a**2 + 6*a + 0. Calculate w(-4).
7
Let n(b) = -2*b - 2. Let x = -9 + 13. Suppose 0 = -y - x - 0. Determine n(y).
6
Let s(g) = g**2 - 13*g + 21. Suppose 0 = -9*p + 2*p + 77. Let o be s(p). Let w be (-93)/15 + o/(-5). Let q(f) = 3*f + 5. What is q(w)?
-13
Let j(v) be the second derivative of v**4/12 - 5*v**3/3 + 6*v**2 - 125*v. Calculate j(8).
-4
Suppose -11 = -4*w - 3*n - 6, 0 = -2*n - 2. Let f(u) = 1 - 3*u + u**2 - 2 + 2. Give f(w).
-1
Suppose -4*u = -5*c - 80, u + 3*c - 8*c - 35 = 0. Let z(n) = u - 9 + 6*n - 6 - 8. What is z(6)?
28
Let t(p) = p - 14. Let l = 654 - 644. Calculate t(l).
-4
Let u(a) = a**3 - a**2 - a. Let x be u(-1). Let d be 5 - ((x - 1) + 1). Let b(i) = -i**2 + 5*i + 3. Determine b(d).
-3
Let u = -302 - -315. Let i(f) = -f**3 + 12*f**2 + 12*f + 7. Calculate i(u).
-6
Let n(d) = 3*d + 38. Let y(c) = 2*c + 17. Let m(h) = -4*n(h) + 9*y(h). What is m(-3)?
-17
Let m(d) = d**3 - 8*d**2 - 8. Let x = 8 + -6. Let t be (x + -1)*8/3*3. Give m(t).
-8
Let l(i) = 3*i**3 - i**2 + 1. Let s be l(-1). Let r = -133 + 130. Let q(p) = p + 1. Let z(d) = -6*d - 3. Let y(x) = r*q(x) - z(x). What is y(s)?
-9
Let k(w) = 20*w + 17. Let u(x) = -41*x - 37. Let m(a) = 13*k(a) + 6*u(a). Give m(-2).
-29
Let b = -60 + 43. Let l = b - -19. Let g(w) = 10*w - 5*w - l - 5*w + w. What is g(5)?
3
Let v(g) = -g**2 + 3*g + 5. Let w(z) = 3*z**2 + 4*z + 5. Let s be w(5). Suppose 0 = 5*r - 7*r + s. Let c be ((-12)/(-10))/(15/r). Calculate v(c).
1
Let i(m) = 108*m**3 + 106*m**3 - 211*m**3 - 10*m + 7*m**2 - 35. Let u(b) = b**3 + 2*b**2 - 3*b - 12. Let v(j) = -3*i(j) + 8*u(j). Calculate v(-6).
9
Let z be (-18)/(-10)*(-19)/((-399)/(-